4200?
True
Is 1744675820 a multiple of 57?
False
Is 43466875 a multiple of 23?
False
Is 717832977 a multiple of 3?
True
Does 13 divide 684788348?
False
Is 83 a factor of 108518180?
False
Is 166987611 a multiple of 17?
False
Does 1861 divide 357925316?
False
Is 3754271304 a multiple of 12929?
True
Is 46 a factor of 150177838?
False
Does 29 divide 127361417?
True
Is 183 a factor of 37150693?
False
Does 108 divide 4738500?
True
Is 1984168310 a multiple of 23?
False
Is 1011181752 a multiple of 24?
True
Is 36 a factor of 107352288?
True
Is 203813892 a multiple of 36?
True
Is 1641 a factor of 234395?
False
Does 13 divide 31412837?
False
Is 112 a factor of 4016837?
False
Is 11 a factor of 7463940?
True
Is 213 a factor of 37200450?
True
Does 63 divide 810977832?
True
Does 33 divide 24689939?
False
Is 27 a factor of 43065432?
True
Is 3668 a factor of 10901296?
True
Is 5 a factor of 1778235378?
False
Is 13 a factor of 8592220?
True
Is 398369500 a multiple of 2125?
True
Is 6776538817 a multiple of 13?
False
Does 313 divide 145173469?
True
Is 30815636 a multiple of 23?
False
Is 388218595 a multiple of 335?
False
Does 48 divide 523248912?
True
Is 9 a factor of 28090251?
True
Is 991074452 a multiple of 2246?
True
Is 2171 a factor of 169658062?
False
Does 361 divide 42309922?
True
Is 106571498 a multiple of 80?
False
Does 3106 divide 1334079802?
True
Is 617 a factor of 60107523?
True
Is 104088824 a multiple of 6?
False
Is 466200876 a multiple of 3706?
False
Is 42 a factor of 403438792?
False
Is 140049366 a multiple of 17?
True
Is 8 a factor of 741656?
True
Is 199 a factor of 16551626?
True
Does 12 divide 56596944?
True
Does 237 divide 46225797?
False
Does 115 divide 1028861875?
True
Is 1820767 a multiple of 99?
False
Does 4663 divide 831595704?
False
Is 7 a factor of 33356225?
True
Does 300 divide 652648800?
True
Does 1269 divide 10127889?
True
Does 36 divide 1094563764?
True
Is 493787713 a multiple of 8303?
True
Is 3 a factor of 1113260?
False
Is 1149 a factor of 714554782?
False
Does 32 divide 62427200?
True
Does 398 divide 37794080?
True
Does 5 divide 806016024?
False
Is 28442745 a multiple of 273?
False
Is 910 a factor of 80844351?
False
Does 5 divide 1548775509?
False
Is 4814585296 a multiple of 89?
True
Does 994 divide 144891108?
False
Does 19 divide 150745876?
False
Is 2165871544 a multiple of 5704?
True
Is 640 a factor of 1665920?
True
Does 4 divide 799872?
True
Is 60040171 a multiple of 315?
False
Does 65 divide 115285755?
True
Does 48 divide 1997547?
False
Does 172 divide 51395501?
False
Is 719 a factor of 183570766?
True
Is 293953543 a multiple of 1069?
False
Does 5669 divide 934608347?
True
Is 280118475 a multiple of 15?
True
Is 43811441 a multiple of 33?
False
Does 77 divide 98504560?
True
Is 321456120 a multiple of 40?
True
Is 28 a factor of 181406178?
False
Is 138 a factor of 135180711?
False
Does 9 divide 17794933?
False
Is 103355175 a multiple of 4692?
False
Does 44 divide 23001368?
False
Is 653 a factor of 47149865?
True
Is 245 a factor of 511252154?
False
Is 6525437 a multiple of 10?
False
Does 130 divide 496069080?
True
Is 63394619 a multiple of 577?
False
Is 7 a factor of 415829401?
False
Is 181374816 a multiple of 24?
True
Is 110012382 a multiple of 16?
False
Is 13699313 a multiple of 52?
False
Does 967 divide 1034738983?
False
Is 2 a factor of 911229?
False
Is 37 a factor of 107241673?
False
Is 444897043 a multiple of 4?
False
Is 30020520 a multiple of 40?
True
Does 816 divide 29025079?
False
Does 803 divide 25719287?
True
Does 2 divide 36703843?
False
Is 620 a factor of 5913560?
True
Is 6 a factor of 1712756280?
True
Is 547043850 a multiple of 3825?
True
Is 2108061208 a multiple of 11?
True
Does 242 divide 483587632?
True
Is 11249686 a multiple of 3?
False
Is 37170205 a multiple of 138?
False
Is 181 a factor of 3400990?
True
Is 46004313 a multiple of 6?
False
Is 9504 a factor of 2749754304?
True
Is 52 a factor of 35446320?
True
Is 65144678 a multiple of 396?
False
Is 370 a factor of 71600920?
True
Is 682 a factor of 3829869?
False
Does 2532 divide 647169399?
False
Does 17 divide 37738793?
True
Is 69407675 a multiple of 8?
False
Does 180 divide 242387776?
False
Is 74572533 a multiple of 769?
False
Is 1168 a factor of 77361114?
False
Is 207177747 a multiple of 63?
False
Does 123 divide 213207093?
True
Is 593 a factor of 476706269?
False
Is 11 a factor of 3638204?
False
Does 6 divide 5685852?
True
Is 167589175 a multiple of 1038?
False
Is 362 a factor of 190434972?
False
Does 796 divide 2809880?
True
Does 1459 divide 16952121?
True
Is 6 a factor of 472223784?
True
Is 510537940 a multiple of 110?
True
Is 1886 a factor of 218365669?
False
Is 119 a factor of 2638827201?
False
Is 16225776 a multiple of 21?
True
Does 24 divide 200159448?
True
Is 64 a factor of 1888787008?
True
Is 461 a factor of 1820376060?
False
Does 214 divide 30422898?
False
Is 154311580 a multiple of 105?
False
Is 45682731 a multiple of 101?
False
Does 369 divide 157503222?
True
Does 113 divide 2592803871?
True
Is 4 a factor of 10991869?
False
Does 3083 divide 537111446?
False
Is 46 a factor of 74405552?
True
Does 38 divide 675852877?
False
Is 9 a factor of 4498801785?
True
Does 240 divide 352404829?
False
Is 530 a factor of 57279871?
False
Is 866775060 a multiple of 342?
True
Does 4 divide 562547?
False
Does 4647 divide 911681777?
False
Does 4 divide 7009108?
True
Is 33468834 a multiple of 534?
False
Is 41 a factor of 988689744?
True
Is 4573 a factor of 239234843?
False
Is 38143008 a multiple of 1257?
False
Does 47 divide 269632286?
False
Is 1599 a factor of 35749204?
False
Does 2 divide 3744763?
False
Is 57652938 a multiple of 1161?
True
Does 21 divide 264257565?
False
Does 6 divide 24239474?
False
Is 103 a factor of 41459251?
True
Does 168 divide 7141344?
True
Is 3764939170 a multiple of 85?
True
Is 986 a factor of 26792578?
True
Does 8 divide 99871984?
True
Is 83 a factor of 12934511?
False
Is 18293169 a multiple of 8?
False
Is 47010474 a multiple of 1583?
False
Is 17 a factor of 102175440?
True
Does 57 divide 37830501?
True
Does 15 divide 1719835200?
True
Is 874513856 a multiple of 16?
True
Is 3719 a factor of 1852016423?
False
Is 374 a factor of 748831419?
False
Does 31 divide 2471086632?
True
Does 3 divide 71685903?
True
Is 9 a factor of 8728398?
True
Is 7 a factor of 83816152?
True
Is 877734234 a multiple of 639?
True
Does 822 divide 59087004?
True
Is 431966942 a multiple of 47?
True
Does 28 divide 31249372?
True
Does 535 divide 32698130?
True
Is 984638188 a multiple of 69?
False
Is 143702674 a multiple of 263?
True
Does 10 divide 591295?
False
Is 29945448 a multiple of 5564?
True
Is 19797612 a multiple of 1491?
False
Does 2294 divide 1302078988?
True
Is 5550744 a multiple of 12?
True
Is 9 a factor of 248649399?
True
Is 282084122 a multiple of 1295?
False
Is 228 a factor of 4285623432?
True
Does 689 divide 41222870?
True
Is 248785691 a multiple of 49?
True
Is 5580567 a multiple of 33?
False
Is 40415130 a multiple of 630?
True
Is 4 a factor of 13111824?
True
Is 718601772 a multiple of 636?
True
Does 15 divide 5776255?
False
Does 338 divide 12482027?
False
Is 59857308 a multiple of 1557?
True
Is 25 a factor of 6844675?
True
Is 72 a factor of 87727104?
True
Does 5 divide 7047871?
False
Does 23 divide 144611793?
False
Does 59 divide 14098388?
False
Is 88810173 a multiple of 93?
False
Does 533 divide 6377345?
True
Is 91 a factor of 518066185?
True
Is 1539 a factor of 47538426?
False
Is 288577134 a multiple of 831?
False
Is 3111819 a multiple of 3?
True
Is 65854783 a multiple of 37?
True
Is 869 a factor of 10587896?
True
Is 86 a factor of 55153692?
True
Is 465958617 a multiple of 317?
True
Is 114543381 a multiple of 779?
True
Is 14546350 a multiple of 322?
True
Does 99 divide 92850468?
False
Is 67414954 a multiple of 88?
False
Does 6 divide 957353346?
True
Does 2060 divide 676416698?
False
Is 713621519 a multiple of 13?
True
Is 1429 a factor of 342607286?
False
Is 369 a factor of 1309686534?
True
Is 611 a factor of 149505590?
True
Is 17907188 a multiple of 2444?
True
Is 445 a factor of 9218175?
True
Does 16 divide 3478130112?
True
Is 142208425 a multiple of 529?
True
Is 269 a factor of 410301396?
True
Does 1991 divide 819654880?
True
Is 121215205 a multiple of 59?
